rue
Suppose -4*z = 3*p - 35, 0 = 4*z - 2*p + 6*p - 40. Suppose -z*w + 4867 = 812. Suppose 2*b = b + w. Is b composite?
False
Let p(x) = x**2 + 3*x - 4. Let i be p(-4). Suppose -3*g = -i*g - 36. Is 44*(1 + 111/g) prime?
False
Let d(s) = -972*s**2 - 2*s - 2. Let p be d(-1). Let b = 4142 + p. Is b/8 + (-9)/(-12) composite?
False
Let q = -306078 + 566125. Is q a prime number?
True
Let v = -17 + 21. Suppose -3*u + 10784 + 7025 = -4*q, 0 = -4*q - v. Is u composite?
True
Let a be 82/(-164) - 5865/(-2). Let g be (1 + 0)*(1 - 1966). Let b = g + a. Is b composite?
False
Let l be ((-2)/(-6))/(13/6045). Let u = l + 5054. Is u a composite number?
False
Suppose -5*o + 296296 = -b, -237038 = -16*o + 12*o + b. Is o a prime number?
False
Suppose -c + 4*a + 12 = 0, 5*c - a - 2*a - 43 = 0. Suppose -3*g + 4*b + 446 = 0, 17 = -5*b - c. Is g composite?
True
Let u be (-1643067)/5 + 222/(-370). Is (-5)/(-6) - (2 - u/(-36)) a composite number?
False
Suppose 39392 = 47*w - 40*w - 166289. Is w a prime number?
True
Let v(h) = -3 - 2 - 3*h + 2*h + 9. Let n be v(0). Suppose -3*x + 3*i - 696 = -1665, 2*i = -n*x + 1268. Is x a composite number?
True
Suppose 193 = -4*z + 1505. Suppose z - 7891 = -3*a. Is a composite?
False
Is (717 - -10)/((-72)/(-14) - 5) composite?
True
Suppose -3*s - 6 + 9 = -3*m, -3*s - m - 1 = 0. Suppose 0 = o - s*o - 2268. Suppose 3*c + 3*k - o = 0, 5*c - 3009 = c - k. Is c a prime number?
True
Suppose 411 = 7*x + 376. Suppose -x*c = q - 2909, -5*q + 14545 = -8*c + 7*c. Is q prime?
True
Let c be (80/15)/((-2)/(-39)). Suppose -p = -3*m - 18, 0 = 3*p - 0*p + m - c. Suppose 97 + p = 2*n. Is n a prime number?
False
Suppose -5*x + 17*c - 18*c = -516931, -5*c - 206794 = -2*x. Is x a prime number?
True
Let x be -1 + 4/(4/3). Let l(z) = -1 - 2*z**2 - 2*z**2 + 4*z**3 - x*z**2 + 4*z. Is l(6) composite?
True
Let c(s) = 249*s**2 - 89*s + 45. Let g(f) = -124*f**2 + 45*f - 22. Let p(d) = 6*c(d) + 11*g(d). Is p(-17) a composite number?
False
Let g be (-4)/(-32)*4*0. Suppose -4*b + g*b = 5172. Is 19/(-38)*(b + -1) a prime number?
True
Let g(y) = -35*y - 35. Let x be g(-1). Suppose 57 = 5*k - 1613. Suppose 5*h + 5*v - 795 = x, -2*h - 5*v + k = -7*v. Is h a composite number?
False
Let n = -95378 + 184099. Is n composite?
False
Suppose 508744 = 76*m - 702468. Is m a composite number?
False
Suppose -2*c - 39*n + 34*n + 515674 = 0, 6*n + 1289185 = 5*c. Is c a prime number?
True
Suppose 2*a - 12*a + 20 = 0. Suppose 4*i - 15 - 301 = 0. Is (i/2)/(1/a) a prime number?
True
Suppose -88*m + 252187 = -2554749. Is m composite?
True
Let z(k) = -5016*k**2 + 2*k - 2. Let p be z(1). Let q = -1790 - p. Suppose 5*h = -3*l + q, 6*l - 3*l - 3191 = 2*h. Is l prime?
False
Let s = -2990 + 5312. Suppose 3*g + 3*r = s, -5*g - r + 71 = -3779. Is g composite?
False
Suppose 4*t = t + 159. Let j = t + -46. Is 81/21 - 4 - (-4544)/j prime?
False
Let f(c) = 251662*c**2 - 18*c - 7. Is f(-1) a prime number?
False
Suppose -w + 317 = 4*p + 1070, -3*w + 2*p - 2189 = 0. Suppose 0*a + 1388 = -a. Let d = w - a. Is d a prime number?
False
Let p(g) = -114*g**3 + 2*g**2 - 5*g - 48. Let j be p(-4). Suppose 8*u - 13*u + j = 3*a, 0 = 2*u + 2*a - 2924. Is u prime?
False
Suppose -40*d + 63*d - 130318 = 0. Let a = -2739 + d. Is a composite?
False
Let q(x) = 7*x + 3. Let m be q(15). Suppose 9*o + m = -0*o. Is (4*(3 - (-195)/o))/(-1) composite?
False
Suppose -19*y + 3613658 = 63*y. Is y prime?
False
Let i(a) = 13802*a**3 - 4*a**2 - a + 4. Is i(1) composite?
True
Suppose -107*a = -437946 - 1430240 - 1568012. Is a a prime number?
False
Let b(l) be the first derivative of l**4/4 + 19*l**3/3 - 7*l**2/2 + 37*l + 2. Let z be 8748/(-162)*(-2)/(-6). Is b(z) prime?
True
Let h be (22 + -3)*(2 - (1 - 0)). Let o be (h - 15) + (1 - -1). Is (o/(-4))/(-3) - (-17478)/12 a prime number?
False
Let q = -438 + 441. Suppose -g - r = -5*r - 10561, -q*r = -2*g + 21147. Is g a composite number?
True
Let r be 14 - 17 - (2 + -33 - 2). Is 770367/r + 3/30 a composite number?
False
Suppose 17*r = -2*r + 277286. Suppose 26*a - r = 24*a. Is a a prime number?
True
Let n(i) = i**2 + 2. Let s(j) = 3*j**2 + 87*j + 34. Let x(b) = 6*n(b) - s(b). Is x(41) a composite number?
True
Let n = -82 + 87. Suppose 2*y - 81 = -n*p, -5*p = -4*y - 81 + 18. Is p/6*(-4348)/(-10) prime?
True
Let x(o) = 38*o**2 - 3*o - 4. Let w be x(3). Let d = 205 + w. Suppose -d = 3*v - 2457. Is v a prime number?
True
Suppose 66*f + 18*f = -37*f + 61804501. Is f a prime number?
False
Suppose -5*b - 4*f + 2*f = -26, -3*f = -b - 5. Suppose 0 = b*a - 7*a + 2061. Let i = 92 + a. Is i a composite number?
True
Let o = -257 + 272. Is ((-2)/((-18)/15))/(o/1035) prime?
False
Let i = -209 + 214. Suppose 1474 = 5*n + 3*z, -5*n + i*z = -7*n + 601. Is n composite?
False
Let i = 40453 + -21132. Suppose 3*h = -5*x + 11574, -7*h + 2*x + i = -2*h. Is h a prime number?
True
Let r be ((-56)/(-7))/(-2) + 6. Suppose 3*x - 13605 = -r*v - v, 3*x - 13601 = -2*v. Is x a composite number?
True
Let n = 313046 - 185623. Is n a prime number?
True
Let r be ((-10)/30)/(1 - (-4316)/(-4314)). Let t = r - 338. Is t prime?
False
Suppose -173 = -11*j + 25. Is 18/(-15)*((-499005)/j)/13 a prime number?
False
Let r(y) = y**2 - 5*y - 3. Let a be r(6). Let q be a*((-14)/6 + 3). Suppose 3*i = 4*u - 2898 - 251, -4*i + 1602 = q*u. Is u composite?
True
Let a be (8/7)/(54/189). Let f be (a - 6)*(-1321 + -1). Suppose -4*j - 4*w + f + 3964 = 0, j = w + 1658. Is j composite?
True
Let v be ((-15)/6)/((-7)/14). Suppose -5*w - 25 = 0, -4*j - 4*w = -v*w - 17. Suppose -j*u = -10571 + 3194. Is u a composite number?
False
Let a = -70 - -76. Suppose 5*m + 3*b - 42 = 8*m, 0 = -2*b - a. Let q = m + 676. Is q prime?
True
Is (4 + 2203152)*(4/10)/((-152)/(-95)) a composite number?
False
Is 251/(-3)*1272/(-8) a composite number?
True
Suppose -1593668 = 348*q - 1412048 - 36306456. Is q a composite number?
True
Let p = 46 - 43. Is 1160 + 0 - (-4 + 7)/p a prime number?
False
Let u be 6/(-2) + 5 + -1. Let n(z) = 3*z - 13*z**2 + u - 6*z + 9*z**2 - 49*z**3 - 159*z**3. Is n(-2) prime?
False
Let l(n) be the third derivative of -n**6/120 - 13*n**5/60 + 25*n**4/12 + 23*n**3/6 - 74*n**2. Is l(-17) composite?
True
Suppose 10*z = 12*z + 4*s - 612, -1518 = -5*z + 2*s. Is -3 + (-3)/((-6)/z) a prime number?
True
Let l(n) = 9*n + 17. Let u be l(-3). Let c be (u/(-2))/(9 + -8). Suppose -f + 1291 = -c*h, 3*f - 2*h = 623 + 3250. Is f a composite number?
False
Let n be (-3)/(-3 - 3) - (-8046)/4. Let h = n + -3555. Is 0 + 1/(1/(h/(-1))) prime?
True
Let f = 2111 - -51480. Is f a composite number?
False
Suppose 4*i - 770600 = 2*o, -189*i - 2*o = -188*i - 192655. Is i composite?
True
Let k(s) = -s**3 + 3*s**2 + 21. Let a be k(6). Let o = -35 - a. Let f = -26 + o. Is f prime?
False
Suppose 3*u = a - 4*a - 3, 5*a = 3*u - 5. Suppose 5*p + 188 - 2423 = u. Let g = 52 + p. Is g composite?
False
Suppose 9*z - 12*z = -12. Let u be 1 + (-4)/12*-9. Is (z/(48/(-7026)))/((-2)/u) composite?
False
Let t(z) = -136*z**2 - 8*z - 9. Let o be t(-7). Let p = o - -9976. Is p a composite number?
False
Suppose 17*x - 334 = 18*x + 4*b, -2*x = 3*b + 658. Let a be (6/4)/(-1)*-598. Let w = a + x. Is w composite?
False
Let l = 238089 - 49892. Is l a composite number?
False
Let z(v) = 6670*v**2 - 5*v + 10. Is z(-3) composite?
True
Let u be (-1)/(-5) + 375198/30*3. Is -2*3/27 - u/(-36) a composite number?
True
Suppose 4*u - 20792 = s, 0 = -7*u + 10*u - 3*s - 15603. Is u composite?
False
Is -8 - -5*(-4)/(-20)*20841 a composite number?
True
Let p be 18/15*(364/21 - -1). Suppose 13357 = p*u - 3*u. Is u composite?
True
Let a be 1 - (-1 + -3 + 2). Let h be (-2 + a/1)*-2755. Let p = -1118 - h. Is p a composite number?
False
Suppose -3*f + 5*r = -38, 4*f = -4*r + 7*r + 36. Is (f + (-10626)/(-6))*1 prime?
True
Let z = 985 - 1688. Let o = -184 - z. Suppose 2*j - 4*a - 294 = 0, -4*j + o = -3*a - 94. Is j a prime number?
True
Suppose 0 = 6*y + 17706 - 375864. Is y a prime number?
True
Suppose -5*c - 112258 = a - 425441, -a + 2*c + 313176 = 0. Is a composite?
True
Is ((-3)/(((-884)/(-1265497))/(-13)))/((-1)/(-4)) prime?
False
Suppose 0 = -5*i - v + 413249, -i - v + 58592 = -24053. Is i a composite number?
False
Let c = -10469 + 74842. Is c a composite number?
False
Suppose -323148 = 60*m - 72*m. Is m composite?